651787?
7, 2927, 40883
List the prime factors of 630894384.
2, 3, 991, 4421
What are the prime factors of 1111847?
11, 61, 1657
What are the prime factors of 140601055?
5, 7, 4017173
List the prime factors of 124831932.
2, 3, 37, 281153
What are the prime factors of 138800715?
3, 5, 9253381
What are the prime factors of 434031396?
2, 3, 173, 209071
List the prime factors of 67833389.
13, 401381
What are the prime factors of 1675760086?
2, 7, 11, 13, 837043
List the prime factors of 2209061274.
2, 3, 7, 43, 1223179
What are the prime factors of 1355185273?
13, 37, 2817433
List the prime factors of 656939973.
3, 218979991
What are the prime factors of 938618171?
20023, 46877
What are the prime factors of 221599473?
3, 461, 160231
What are the prime factors of 66846301?
61, 1095841
What are the prime factors of 137450465?
5, 19, 53, 27299
What are the prime factors of 1722001026?
2, 3, 17, 131, 128873
What are the prime factors of 1221745622?
2, 2731, 223681
What are the prime factors of 1990855502?
2, 995427751
What are the prime factors of 110416779?
3, 11, 1115321
List the prime factors of 1222232532.
2, 3, 19, 5360669
What are the prime factors of 106501908?
2, 3, 8875159
What are the prime factors of 50840368?
2, 37, 157, 547
List the prime factors of 200650139.
3511, 57149
What are the prime factors of 7061977?
13, 19, 28591
List the prime factors of 1444514593.
467, 877, 3527
List the prime factors of 217997050.
2, 5, 4359941
List the prime factors of 6723877.
41, 163997
What are the prime factors of 6098363475?
3, 5, 1321, 61553
List the prime factors of 231976792.
2, 1483, 19553
List the prime factors of 48369364.
2, 19, 89, 7151
List the prime factors of 2993480285.
5, 598696057
What are the prime factors of 23799198?
2, 3, 29, 136777
What are the prime factors of 335862510?
2, 3, 5, 233, 48049
List the prime factors of 54179155.
5, 10835831
What are the prime factors of 323586355?
5, 179, 361549
List the prime factors of 1626291812.
2, 29, 59, 293, 811
What are the prime factors of 22986306?
2, 3, 7, 182431
What are the prime factors of 7047063498?
2, 3, 5441, 215863
What are the prime factors of 598686766?
2, 2011, 148853
What are the prime factors of 733054726?
2, 366527363
What are the prime factors of 277800462?
2, 3, 107, 48079
What are the prime factors of 479066091?
3, 7, 3258953
What are the prime factors of 120110568?
2, 3, 47, 233, 457
List the prime factors of 323187316.
2, 97, 832957
List the prime factors of 120334641.
3, 7, 818603
List the prime factors of 179286286.
2, 89643143
List the prime factors of 388119636.
2, 3, 53, 203417
List the prime factors of 342336283.
2063, 165941
What are the prime factors of 80031473?
80031473
What are the prime factors of 203620879?
7, 11, 37, 71471
What are the prime factors of 766847665?
5, 4703, 32611
What are the prime factors of 7855851?
3, 2618617
What are the prime factors of 330409663?
330409663
List the prime factors of 200857055.
5, 7, 337, 17029
List the prime factors of 9169300145.
5, 6841, 268069
What are the prime factors of 41929929?
3, 1301, 3581
What are the prime factors of 80358014?
2, 11, 17, 29, 31, 239
List the prime factors of 589861400.
2, 5, 37, 79, 1009
What are the prime factors of 32828120?
2, 5, 13, 63131
What are the prime factors of 66760859?
11, 2381, 2549
List the prime factors of 317746770.
2, 3, 5, 11, 962869
List the prime factors of 210261300.
2, 3, 5, 700871
List the prime factors of 27835800.
2, 3, 5, 17, 2729
List the prime factors of 38118491.
38118491
What are the prime factors of 3034111368?
2, 3, 19, 173, 38461
List the prime factors of 332219098.
2, 67, 101, 24547
List the prime factors of 1461824064.
2, 3, 23, 36781
List the prime factors of 464839369.
464839369
List the prime factors of 1197585603.
3, 3461, 38447
List the prime factors of 2898783993.
3, 7, 317, 62207
List the prime factors of 716319634.
2, 937, 382241
What are the prime factors of 33381842?
2, 13, 29, 44273
List the prime factors of 17525677.
13, 1348129
What are the prime factors of 912981778?
2, 1103, 413863
What are the prime factors of 165733590?
2, 3, 5, 11, 269, 1867
What are the prime factors of 415628451?
3, 7, 1091, 6047
List the prime factors of 4341595180.
2, 5, 13, 569, 29347
List the prime factors of 569367453.
3, 189789151
List the prime factors of 267302042.
2, 7, 41, 457, 1019
What are the prime factors of 475846177?
61, 743, 10499
What are the prime factors of 3569144867?
43, 83003369
What are the prime factors of 160960182?
2, 3, 17, 73, 21617
List the prime factors of 213103552.
2, 3329743
What are the prime factors of 1301495255?
5, 260299051
List the prime factors of 142158331.
7, 23, 163, 5417
List the prime factors of 1077097040.
2, 5, 2267, 5939
What are the prime factors of 431444939?
431444939
What are the prime factors of 43222549?
19, 37, 61483
List the prime factors of 22767460.
2, 5, 107, 10639
List the prime factors of 385603586.
2, 59, 1181, 2767
List the prime factors of 140620637.
5839, 24083
What are the prime factors of 37081035?
3, 5, 887, 929
List the prime factors of 92512113.
3, 17, 41, 151, 293
List the prime factors of 607403248.
2, 19, 37, 54001
What are the prime factors of 228593435?
5, 7, 23, 59, 4813
What are the prime factors of 277268393?
277268393
List the prime factors of 598365944.
2, 11, 6799613
What are the prime factors of 408893309?
11, 61, 609379
What are the prime factors of 708006294?
2, 3, 641, 61363
List the prime factors of 17774298.
2, 3, 103, 9587
List the prime factors of 15521388.
2, 3, 311, 4159
List the prime factors of 152922585.
3, 5, 101, 193, 523
List the prime factors of 411416243.
7, 29, 293, 6917
What are the prime factors of 608353396?
2, 7, 647, 33581
What are the prime factors of 2129151659?
877, 937, 2591
List the prime factors of 979260871.
1091, 897581
List the prime factors of 271913187.
3, 7, 13, 996019
List the prime factors of 108498520.
2, 5, 13, 137, 1523
List the prime factors of 729473509.
179, 4075271
What are the prime factors of 129094784?
2, 7, 13, 11083
What are the prime factors of 1010835204?
2, 3, 47, 239, 7499
List the prime factors of 1746711.
3, 64693
List the prime factors of 411506847.
3, 839, 54497
What are the prime factors of 16523036?
2, 887, 4657
List the prime factors of 96853754.
2, 19, 2548783
List the prime factors of 974584654.
2, 487292327
What are the prime factors of 1391379636?
2, 3, 101, 107, 10729
What are the prime factors of 139513257?
3, 13, 19, 97, 647
List the prime factors of 11297937.
3, 7, 233, 2309
List the prime factors of 78700741.
7, 11242963
List the prime factors of 1947382916.
2, 149, 21929
What are the prime factors of 442985532?
2, 3, 11, 19, 176629
List the prime factors of 1559945916.
2, 3, 31, 43, 32507
What are the prime factors of 622810026?
2, 3, 31, 372049
List the prime factors of 65040265.
5, 37, 239, 1471
List the prime factors of 30312673.
30312673
What are the prime factors of 720862655?
5, 144172531
List the prime factors of 212554085.
5, 37, 1148941
List the prime factors of 580093.
580093
What are the prime factors of 1080273010?
2, 5, 4801, 22501
List the prime factors of 100735654.
2, 50367827
What are the prime factors of 284021515?
5, 1093, 51971
What are the prime factors of 39504855?
3, 5, 13, 17, 701
List the prime factors of 94298999.
94298999
What are the prime factors of 1397596555?
5, 367, 761633
What are the prime factors of 780474263?
37, 21093899
What are the prime factors of 164605087?
164605087
List the prime factors of 264428056.
2, 23, 62483
List the prime factors of 1039544751.
3, 7, 1987, 3559
What are the prime factors of 21071472?
2, 3, 438989
List the prime factors of 382382457.
3, 37, 1229, 2803
List the prime factors of 73943902.
2, 36971951
What are the prime factors of 15671378?
2, 173, 45293
List the prime factors of 111114966.
2, 3, 179, 307, 337
List the prime factors of 754246870.
2, 5, 13, 5801899
List the prime factors of 1089407981.
73, 107, 211, 661
List the prime factors of 187204508.
2, 83, 563869
List the prime factors of 2120157502.
2, 1060078751
What are the prime factors of 426953974?
2, 213476987
List the prime factors of 107891093.
53, 2035681
What are the prime factors of 81528